{"id":3,"date":"2021-06-25T10:16:28","date_gmt":"2021-06-25T10:16:28","guid":{"rendered":"http:\/\/www.medienkulturraum.at\/wordpress\/?page_id=3"},"modified":"2023-05-02T23:50:39","modified_gmt":"2023-05-02T23:50:39","slug":"privacy-policy","status":"publish","type":"page","link":"https:\/\/www.medienkulturraum.at\/?page_id=3","title":{"rendered":"Impressum &#038; Datenschutz"},"content":{"rendered":"\n<p><strong> <\/strong><\/p>\n\n\n\n<h2 class=\"wp-block-heading\"><strong><strong>medien.kultur.raum<\/strong><\/strong><\/h2>\n\n\n\n<p>Verein f\u00fcr Kommunikation und angewandte Medienp\u00e4dagogik<\/p>\n\n\n\n<p>AT 9020 Klagenfurt am W\u00f6rthersee<\/p>\n\n\n\n<p>ZVR 636641381<\/p>\n\n\n\n<p><a href=\"https:\/\/www.medienkulturraum.at\/wp-content\/uploads\/2023\/03\/STATUTEN_1.pdf\" target=\"_blank\" rel=\"noopener\" title=\"\">Vereinsstatuten<\/a><\/p>\n\n\n\n<p>Mail: <a href=\"mailto:info(at)medienkulturraum.at\">info(at)medienkulturraum.at<\/a><br>Tel: +43 (0) 676 6147940<\/p>\n\n\n\n<p><strong>Bankverbindung<\/strong><\/p>\n\n\n\n<p>K\u00e4rntner Sparkasse Aktiengesellschaft<\/p>\n\n\n\n<p>BLZ.: 20706, Kontonummer: 04400380780<\/p>\n\n\n\n<p>IBAN: AT 202070604400380780, BIC: KSPKAT2K<\/p>\n\n\n\n<hr class=\"wp-block-separator has-alpha-channel-opacity is-style-twentytwentyone-separator-thick\"\/>\n\n\n\n<h2 class=\"wp-block-heading\"><strong>Haftungsausschluss<\/strong><\/h2>\n\n\n\n<h2 class=\"wp-block-heading\"><strong>1. Inhalt des Onlineangebotes<\/strong><\/h2>\n\n\n\n<p>Der Verein \u00fcbernimmt keinerlei Gew\u00e4hr f\u00fcr die Aktualit\u00e4t, Korrektheit, Vollst\u00e4ndigkeit oder Qualit\u00e4t der bereitgestellten Informationen. Haftungsanspr\u00fcche gegen den Verein, welche sich auf Sch\u00e4den materieller oder ideeller Art beziehen, die durch die Nutzung oder Nichtnutzung der dargebotenen Informationen bzw. durch die Nutzung fehlerhafter und unvollst\u00e4ndiger Informationen verursacht wurden, sind grunds\u00e4tzlich ausgeschlossen, sofern seitens des Vereins kein nachweislich vors\u00e4tzliches oder grob fahrl\u00e4ssiges Verschulden vorliegt.<br><br>Alle Angebote sind freibleibend und unverbindlich. Der Verein beh\u00e4lt es sich ausdr\u00fccklich vor, Teile der Seiten oder das gesamte Angebot ohne gesonderte Ank\u00fcndigung zu ver\u00e4ndern, zu erg\u00e4nzen, zu l\u00f6schen oder die Ver\u00f6ffentlichung zeitweise oder endg\u00fcltig einzustellen.<\/p>\n\n\n\n<h2 class=\"wp-block-heading\"><strong>2. Verweise und Links<\/strong><\/h2>\n\n\n\n<p>Bei direkten oder indirekten Verweisen auf fremde Webseiten (&#8222;Hyperlinks&#8220;), die au\u00dferhalb des Verantwortungsbereichs des Vereins liegen, w\u00fcrde eine Haftungsverpflichtung ausschlie\u00dflich in dem Fall in Kraft treten, in dem der Verein von den Inhalten Kenntnis hat und es ihm technisch m\u00f6glich und zumutbar w\u00e4re, die Nutzung im Falle rechtswidriger Inhalte zu verhindern.<br>Der Verein erkl\u00e4rt hiermit ausdr\u00fccklich, dass zum Zeitpunkt der Linksetzung keine illegalen Inhalte auf den zu verlinkenden Seiten erkennbar waren. Auf die aktuelle und zuk\u00fcnftige Gestaltung, die Inhalte oder die Urheberschaft der verlinkten\/verkn\u00fcpften Seiten hat der Verein keinerlei Einfluss. Deshalb distanziert er sich hiermit ausdr\u00fccklich von allen Inhalten aller verlinkten \/verkn\u00fcpften Seiten, die nach der Linksetzung ver\u00e4ndert wurden. <br><br>Diese Feststellung gilt f\u00fcr alle innerhalb des eigenen Internetangebotes gesetzten Links und Verweise sowie f\u00fcr Fremdeintr\u00e4ge in vom Verein eingerichteten G\u00e4steb\u00fcchern, Diskussionsforen, Linkverzeichnissen, Mailinglisten und in allen anderen Formen von Datenbanken, auf deren Inhalt externe Schreibzugriffe m\u00f6glich sind. F\u00fcr illegale, fehlerhafte oder unvollst\u00e4ndige Inhalte und insbesondere f\u00fcr Sch\u00e4den, die aus der Nutzung oder Nichtnutzung solcherart dargebotener Informationen entstehen, haftet allein der Anbieter der Seite, auf welche verwiesen wurde, nicht derjenige, der \u00fcber Links auf die jeweilige Ver\u00f6ffentlichung lediglich verweist.<\/p>\n\n\n\n<h2 class=\"wp-block-heading\"><strong>3. Urheber- und Kennzeichenrecht<\/strong><\/h2>\n\n\n\n<p>Der Verein ist bestrebt, in allen Publikationen die Urheberrechte der verwendeten Bilder, Grafiken, Tondokumente, Videosequenzen und Texte zu beachten, von ihm selbst erstellte Bilder, Grafiken, Tondokumente, Videosequenzen und Texte zu nutzen oder auf lizenzfreie Grafiken, Tondokumente, Videosequenzen und Texte zur\u00fcckzugreifen.<br><br>Alle innerhalb des Internetangebotes genannten und ggf. durch Dritte gesch\u00fctzten Marken- und Warenzeichen unterliegen uneingeschr\u00e4nkt den Bestimmungen des jeweils g\u00fcltigen Kennzeichenrechts und den Besitzrechten der jeweiligen eingetragenen Eigent\u00fcmer. Allein aufgrund der blo\u00dfen Nennung ist nicht der Schluss zu ziehen, dass Markenzeichen nicht durch Rechte Dritter gesch\u00fctzt sind!<br><br>Das Copyright f\u00fcr ver\u00f6ffentlichte, vom Verein selbst erstellte Objekte bleibt allein beim Verein der Seiten. Eine Vervielf\u00e4ltigung oder Verwendung solcher Grafiken, Tondokumente, Videosequenzen und Texte in anderen elektronischen oder gedruckten Publikationen ist ohne ausdr\u00fcckliche Zustimmung des Vereins nicht gestattet.<\/p>\n\n\n\n<h2 class=\"wp-block-heading\"><strong>4. Datenschutz<\/strong><\/h2>\n\n\n\n<p>Die Kontaktaufnahme \u00fcber die bereitgestellte E-Mail-Adresse ist jederzeit m\u00f6glich. In diesem Fall werden die mit der E-Mail \u00fcbermittelten personenbezogenen Daten von Nutzern f\u00fcr die Bearbeitung der Anfrage (sowie f\u00fcr den Fall von Anschlussfragen) gespeichert.Es erfolgt in diesem Zusammenhang keine Weitergabe der Daten an Dritte. Die Daten werden ausschlie\u00dflich f\u00fcr die Verarbeitung der Konversation verwendet.<\/p>\n\n\n\n<p><strong>Cookies<\/strong><br>Cookies sind kleine Dateien, die es erm\u00f6glichen, auf dem Zugriffsger\u00e4t der Nutzer, wie PC-Desktop, Tablet oder Smartphone, spezifische, auf das Ger\u00e4t bezogene Informationen zu speichern. Sie dienen zum einen der Benutzerfreundlichkeit von Webseiten (u.&nbsp;a. Interessensanzeige, Vorschl\u00e4ge f\u00fcr andere Beitr\u00e4ge und mehr), zum anderen finden sie Verwendung, um die statistischen Daten der Webseitennutzung zu erfassen und sie zwecks Verbesserung des Angebotes analysieren zu k\u00f6nnen.Die Nutzer k\u00f6nnen Cookies beeinflussen. Die meisten Browser verf\u00fcgen eine Option, mit der das Speichern von Cookies eingeschr\u00e4nkt oder komplett verhindert wird. Allerdings sei darauf hingewiesen, dass die Nutzung und insbesondere der Nutzungskomfort ohne Cookies eingeschr\u00e4nkt sein kann. Mit separaten Plugins wie beispielsweise <a rel=\"noreferrer noopener\" href=\"https:\/\/www.ghostery.com\/de\/\" target=\"_blank\">Ghostery<\/a> k\u00f6nnen Sammelvorg\u00e4nge selbst nachgepr\u00fcft werden. <\/p>\n\n\n\n<p><strong>Einbindung von externen Quellen und Diensten Dritter<\/strong><br>Es kann vorkommen, dass innerhalb der Webseite Inhalte Dritter, wie Videos von YouTube, Vimeo,&nbsp;RSS-Feeds, Texte von Blogs oder Bilder von externen Datenbanken und \/ oder Social-Media-Webseiten wie Twitter eingebunden werden. Dies setzt immer voraus, dass die Anbieter dieser Inhalte die IP-Adresse der Nutzer einlesen. Denn ohne die IP-Adresse k\u00f6nnten keine Inhalte an den Browser des jeweiligen Nutzers gesendet werden. Die IP-Adresse ist somit f\u00fcr die Darstellung dieser Inhalte erforderlich. Es besteht kein Einfluss darauf, falls die Dienste Dritter die IP-Adresse f\u00fcr statistische Zwecke oder \u00c4hnliches speichern.<\/p>\n\n\n\n<p><strong>Google Analytics<br><\/strong> medien.kultur.raum verwendet Funktionen des Webanalysedienstes Google Analytics (Google Ireland Ltd., Gordon House, Barrow Street, Dublin 4, Irland). Dazu werden Cookies herangezogen, die eine Analyse der Benutzung der Webseite durch ihre Benutzer erm\u00f6glichen. Die dadurch erzeugten Informationen werden auf den Server des Anbieters \u00fcbertragen und dort gespeichert und in \u00fcbersichtlicher Form wieder ausgegeben. Die IP-Adresse wird erfasst, aber umgehend durch L\u00f6schung der letzten 8-Bit pseudonymisiert. Dadurch ist nur mehr eine grobe Lokalisierung m\u00f6glich, beispielsweise aus welchem Land der Zugriff auf die Webseite erfolgt und ob dieser erstmalig war oder nicht. <br><br>Die Privatsph\u00e4re ist wichtig, eine genauere Ortung wird nach Wissen von medien.kultur.raum nicht vorgenommen.Die Nutzer k\u00f6nnen Cookies beeinflussen. Die meisten Browser verf\u00fcgen eine Option, mit der das Speichern von Cookies eingeschr\u00e4nkt oder komplett verhindert wird. Allerdings sei darauf hingewiesen, dass die Nutzung und insbesondere der Nutzungskomfort ohne Cookies eingeschr\u00e4nkt sein kann.Durch ein Browserplugin kann ferner die Erfassung, der durch das Cookie erzeugten und auf die Nutzung der Website bezogenen Daten (inkl. der IP-Adresse), an Google sowie die Verarbeitung dieser Daten durch Google verhindert werden. Zu finden <a rel=\"noreferrer noopener\" href=\"http:\/\/tools.google.com\/dlpage\/gaoptout?hl=de\" target=\"_blank\">hier<\/a>.<\/p>\n\n\n\n<h2 class=\"wp-block-heading\"><strong>5. Rechtswirksamkeit dieses Haftungsausschlusses<\/strong><\/h2>\n\n\n\n<p>Dieser Haftungsausschluss ist als Teil des Internetangebotes zu betrachten, von dem aus auf diese Seite verwiesen wurde. Sofern Teile oder einzelne Formulierungen dieses Textes der geltenden Rechtslage nicht, nicht mehr oder nicht vollst\u00e4ndig entsprechen sollten, bleiben die \u00fcbrigen Teile des Dokumentes in ihrem Inhalt und ihrer G\u00fcltigkeit davon unber\u00fchrt.<\/p>\n\n\n\n<h2 class=\"wp-block-heading\"><\/h2>\n","protected":false},"excerpt":{"rendered":"<p>medien.kultur.raum Verein f\u00fcr Kommunikation und angewandte Medienp\u00e4dagogik AT 9020 Klagenfurt am W\u00f6rthersee ZVR 636641381 Vereinsstatuten Mail: info(at)medienkulturraum.atTel: +43 (0) 676 6147940 Bankverbindung K\u00e4rntner Sparkasse Aktiengesellschaft BLZ.: 20706, Kontonummer: 04400380780 IBAN: AT 202070604400380780, BIC: KSPKAT2K Haftungsausschluss 1. Inhalt des Onlineangebotes Der Verein \u00fcbernimmt keinerlei Gew\u00e4hr f\u00fcr die Aktualit\u00e4t, Korrektheit, Vollst\u00e4ndigkeit oder Qualit\u00e4t der bereitgestellten Informationen. Haftungsanspr\u00fcche &#8230; <a title=\"Impressum &#038; Datenschutz\" class=\"read-more\" href=\"https:\/\/www.medienkulturraum.at\/?page_id=3\" aria-label=\"Read more about Impressum &#038; Datenschutz\">Read more<\/a><\/p>\n","protected":false},"author":1,"featured_media":0,"parent":0,"menu_order":0,"comment_status":"closed","ping_status":"open","template":"","meta":{"om_disable_all_campaigns":false,"_monsterinsights_skip_tracking":false,"_monsterinsights_sitenote_active":false,"_monsterinsights_sitenote_note":"","_monsterinsights_sitenote_category":0,"footnotes":""},"class_list":["post-3","page","type-page","status-publish"],"aioseo_notices":[],"_links":{"self":[{"href":"https:\/\/www.medienkulturraum.at\/index.php?rest_route=\/wp\/v2\/pages\/3","targetHints":{"allow":["GET"]}}],"collection":[{"href":"https:\/\/www.medienkulturraum.at\/index.php?rest_route=\/wp\/v2\/pages"}],"about":[{"href":"https:\/\/www.medienkulturraum.at\/index.php?rest_route=\/wp\/v2\/types\/page"}],"author":[{"embeddable":true,"href":"https:\/\/www.medienkulturraum.at\/index.php?rest_route=\/wp\/v2\/users\/1"}],"replies":[{"embeddable":true,"href":"https:\/\/www.medienkulturraum.at\/index.php?rest_route=%2Fwp%2Fv2%2Fcomments&post=3"}],"version-history":[{"count":7,"href":"https:\/\/www.medienkulturraum.at\/index.php?rest_route=\/wp\/v2\/pages\/3\/revisions"}],"predecessor-version":[{"id":616,"href":"https:\/\/www.medienkulturraum.at\/index.php?rest_route=\/wp\/v2\/pages\/3\/revisions\/616"}],"wp:attachment":[{"href":"https:\/\/www.medienkulturraum.at\/index.php?rest_route=%2Fwp%2Fv2%2Fmedia&parent=3"}],"curies":[{"name":"wp","href":"https:\/\/api.w.org\/{rel}","templated":true}]}}